[INFO] fetching crate bindle 0.9.1...
[INFO] checking bindle-0.9.1 against master#9610dfe5a9a731ced1ea4923ecbd0c57fe367898 for beta-170-4
[INFO] extracting crate bindle 0.9.1 into /workspace/builds/worker-1-tc1/source
[INFO] validating manifest of crates.io crate bindle 0.9.1 on toolchain 9610dfe5a9a731ced1ea4923ecbd0c57fe367898
[INFO] running `Command { std: CARGO_HOME="/workspace/cargo-home" RUSTUP_HOME="/workspace/rustup-home" "/workspace/cargo-home/bin/cargo" "+9610dfe5a9a731ced1ea4923ecbd0c57fe367898" "metadata" "--manifest-path" "Cargo.toml" "--no-deps", kill_on_drop: false }`
[INFO] removed /workspace/builds/worker-1-tc1/source/.cargo/config
[INFO] started tweaking crates.io crate bindle 0.9.1
[INFO] finished tweaking crates.io crate bindle 0.9.1
[INFO] tweaked toml for crates.io crate bindle 0.9.1 written to /workspace/builds/worker-1-tc1/source/Cargo.toml
[INFO] crate crates.io crate bindle 0.9.1 already has a lockfile, it will not be regenerated
[INFO] running `Command { std: CARGO_HOME="/workspace/cargo-home" RUSTUP_HOME="/workspace/rustup-home" "/workspace/cargo-home/bin/cargo" "+9610dfe5a9a731ced1ea4923ecbd0c57fe367898" "fetch" "--manifest-path" "Cargo.toml", kill_on_drop: false }`
[INFO] [stderr]     Updating crates.io index
[INFO] [stderr]  Downloading crates ...
[INFO] [stderr]   Downloaded cxxbridge-macro v1.0.80
[INFO] [stderr]   Downloaded cxxbridge-flags v1.0.80
[INFO] [stderr]   Downloaded iana-time-zone v0.1.51
[INFO] [stderr]   Downloaded rstest v0.15.0
[INFO] [stderr]   Downloaded crossbeam-epoch v0.9.11
[INFO] [stderr]   Downloaded warp v0.3.3
[INFO] [stderr]   Downloaded pem v1.1.0
[INFO] [stderr]   Downloaded sha-1 v0.10.0
[INFO] [stderr]   Downloaded tokio-tungstenite v0.17.2
[INFO] [stderr]   Downloaded serde_path_to_error v0.1.8
[INFO] [stderr]   Downloaded reqwest v0.11.14
[INFO] [stderr]   Downloaded oauth2 v4.3.0
[INFO] [stderr]   Downloaded blowfish v0.9.1
[INFO] [stderr]   Downloaded bcrypt v0.13.0
[INFO] [stderr]   Downloaded signature v1.6.4
[INFO] [stderr]   Downloaded cipher v0.4.3
[INFO] [stderr]   Downloaded validator v0.15.0
[INFO] [stderr]   Downloaded jsonwebtoken v8.1.1
[INFO] [stderr]   Downloaded inout v0.1.3
[INFO] [stderr]   Downloaded num-bigint v0.3.3
[INFO] [stderr]   Downloaded if_chain v1.0.2
[INFO] [stderr]   Downloaded hyper-rustls v0.23.0
[INFO] [stderr]   Downloaded fs_at v0.1.3
[INFO] [stderr]   Downloaded tungstenite v0.17.3
[INFO] [stderr]   Downloaded curve25519-dalek v3.2.0
[INFO] [stderr]   Downloaded sled v0.34.7
[INFO] [stderr]   Downloaded webpki-roots v0.22.5
[INFO] [stderr]   Downloaded twoway v0.1.8
[INFO] [stderr]   Downloaded buf_redux v0.8.4
[INFO] [stderr]   Downloaded cxx v1.0.80
[INFO] [stderr]   Downloaded validator_derive v0.15.0
[INFO] [stderr]   Downloaded filetime v0.2.18
[INFO] [stderr]   Downloaded safemem v0.3.3
[INFO] [stderr]   Downloaded multipart v0.18.0
[INFO] [stderr]   Downloaded rustls-pemfile v0.2.1
[INFO] [stderr]   Downloaded ed25519 v1.5.2
[INFO] [stderr]   Downloaded sha2 v0.9.9
[INFO] [stderr]   Downloaded zeroize_derive v1.3.2
[INFO] [stderr]   Downloaded simple_asn1 v0.6.2
[INFO] [stderr]   Downloaded num v0.3.1
[INFO] [stderr]   Downloaded smart-default v0.6.0
[INFO] [stderr]   Downloaded rustls-pemfile v1.0.1
[INFO] [stderr]   Downloaded biscuit v0.5.0
[INFO] [stderr]   Downloaded ed25519-dalek v1.0.1
[INFO] [stderr]   Downloaded validator_types v0.15.0
[INFO] [stderr]   Downloaded aligned v0.4.1
[INFO] [stderr]   Downloaded num-complex v0.3.1
[INFO] [stderr]   Downloaded cxx-build v1.0.80
[INFO] [stderr]   Downloaded as-slice v0.2.1
[INFO] [stderr]   Downloaded cvt v0.1.2
[INFO] [stderr]   Downloaded normpath v1.1.0
[INFO] [stderr]   Downloaded remove_dir_all v0.8.1
[INFO] [stderr]   Downloaded rustls v0.20.7
[INFO] [stderr]   Downloaded rstest_macros v0.14.0
[INFO] [stderr]   Downloaded openid v0.10.1
[INFO] running `Command { std: "docker" "create" "-v" "/var/lib/crater-agent-workspace/builds/worker-1-tc1/target:/opt/rustwide/target:rw,Z" "-v" "/var/lib/crater-agent-workspace/builds/worker-1-tc1/source:/opt/rustwide/workdir:ro,Z" "-v" "/var/lib/crater-agent-workspace/cargo-home:/opt/rustwide/cargo-home:ro,Z" "-v" "/var/lib/crater-agent-workspace/rustup-home:/opt/rustwide/rustup-home:ro,Z" "-e" "SOURCE_DIR=/opt/rustwide/workdir" "-e" "CARGO_TARGET_DIR=/opt/rustwide/target" "-e" "CARGO_HOME=/opt/rustwide/cargo-home" "-e" "RUSTUP_HOME=/opt/rustwide/rustup-home" "-w" "/opt/rustwide/workdir" "-m" "1610612736" "--user" "0:0" "--network" "none" "ghcr.io/rust-lang/crates-build-env/linux@sha256:5ff2268d62e97bff2cde7d5815dd6ed5b47097566f13b8d0ca110b04b60e07ed" "/opt/rustwide/cargo-home/bin/cargo" "+9610dfe5a9a731ced1ea4923ecbd0c57fe367898" "metadata" "--no-deps" "--format-version=1", kill_on_drop: false }`
[INFO] [stdout] edd4f7dc7dc4f6c9a42e81b46e1e051f9fa2ecb09bb84b08230fa6f3f1d2f1df
[INFO] running `Command { std: "docker" "start" "-a" "edd4f7dc7dc4f6c9a42e81b46e1e051f9fa2ecb09bb84b08230fa6f3f1d2f1df", kill_on_drop: false }`
[INFO] running `Command { std: "docker" "inspect" "edd4f7dc7dc4f6c9a42e81b46e1e051f9fa2ecb09bb84b08230fa6f3f1d2f1df", kill_on_drop: false }`
[INFO] running `Command { std: "docker" "rm" "-f" "edd4f7dc7dc4f6c9a42e81b46e1e051f9fa2ecb09bb84b08230fa6f3f1d2f1df", kill_on_drop: false }`
[INFO] [stdout] edd4f7dc7dc4f6c9a42e81b46e1e051f9fa2ecb09bb84b08230fa6f3f1d2f1df
[INFO] running `Command { std: "docker" "create" "-v" "/var/lib/crater-agent-workspace/builds/worker-1-tc1/target:/opt/rustwide/target:rw,Z" "-v" "/var/lib/crater-agent-workspace/builds/worker-1-tc1/source:/opt/rustwide/workdir:ro,Z" "-v" "/var/lib/crater-agent-workspace/cargo-home:/opt/rustwide/cargo-home:ro,Z" "-v" "/var/lib/crater-agent-workspace/rustup-home:/opt/rustwide/rustup-home:ro,Z" "-e" "SOURCE_DIR=/opt/rustwide/workdir" "-e" "CARGO_TARGET_DIR=/opt/rustwide/target" "-e" "CARGO_INCREMENTAL=0" "-e" "RUST_BACKTRACE=full" "-e" "RUSTFLAGS=--cap-lints=forbid" "-e" "RUSTDOCFLAGS=--cap-lints=forbid" "-e" "CARGO_HOME=/opt/rustwide/cargo-home" "-e" "RUSTUP_HOME=/opt/rustwide/rustup-home" "-w" "/opt/rustwide/workdir" "-m" "1610612736" "--user" "0:0" "--network" "none" "ghcr.io/rust-lang/crates-build-env/linux@sha256:5ff2268d62e97bff2cde7d5815dd6ed5b47097566f13b8d0ca110b04b60e07ed" "/opt/rustwide/cargo-home/bin/cargo" "+9610dfe5a9a731ced1ea4923ecbd0c57fe367898" "check" "--frozen" "--all" "--all-targets" "--message-format=json", kill_on_drop: false }`
[INFO] [stdout] 04a3ca4a13acdba4c1fbb14413707f96676fccaa379e581dbe3bece117f57ff1
[INFO] running `Command { std: "docker" "start" "-a" "04a3ca4a13acdba4c1fbb14413707f96676fccaa379e581dbe3bece117f57ff1", kill_on_drop: false }`
[INFO] [stderr]    Compiling libc v0.2.140
[INFO] [stderr]    Compiling syn v1.0.103
[INFO] [stderr]     Checking once_cell v1.15.0
[INFO] [stderr]    Compiling memchr v2.5.0
[INFO] [stderr]    Compiling cc v1.0.73
[INFO] [stderr]    Compiling typenum v1.15.0
[INFO] [stderr]    Compiling serde_derive v1.0.147
[INFO] [stderr]    Compiling serde v1.0.147
[INFO] [stderr]    Compiling log v0.4.17
[INFO] [stderr]     Checking smallvec v1.10.0
[INFO] [stderr]     Checking bytes v1.2.1
[INFO] [stderr]    Compiling parking_lot_core v0.9.4
[INFO] [stderr]    Compiling ahash v0.7.6
[INFO] [stderr]    Compiling tokio v1.25.0
[INFO] [stderr]    Compiling num-traits v0.2.15
[INFO] [stderr]     Checking futures-sink v0.3.25
[INFO] [stderr]    Compiling futures-channel v0.3.25
[INFO] [stderr]    Compiling futures-task v0.3.25
[INFO] [stderr]    Compiling indexmap v1.9.1
[INFO] [stderr]    Compiling futures-util v0.3.25
[INFO] [stderr]     Checking futures-io v0.3.25
[INFO] [stderr]    Compiling pkg-config v0.3.25
[INFO] [stderr]     Checking tracing-core v0.1.30
[INFO] [stderr]     Checking byteorder v1.4.3
[INFO] [stderr]    Compiling serde_json v1.0.87
[INFO] [stderr]    Compiling unicase v2.6.0
[INFO] [stderr]     Checking http v0.2.8
[INFO] [stderr]    Compiling rustls v0.20.7
[INFO] [stderr]    Compiling openssl v0.10.42
[INFO] [stderr]     Checking foreign-types-shared v0.1.1
[INFO] [stderr]     Checking try-lock v0.2.3
[INFO] [stderr]     Checking foreign-types v0.3.2
[INFO] [stderr]    Compiling native-tls v0.2.10
[INFO] [stderr]    Compiling getrandom v0.1.16
[INFO] [stderr]     Checking want v0.3.0
[INFO] [stderr]    Compiling num-bigint v0.3.3
[INFO] [stderr]    Compiling semver v1.0.14
[INFO] [stderr]    Compiling unicode-xid v0.2.4
[INFO] [stderr]    Compiling num-rational v0.3.2
[INFO] [stderr]    Compiling encoding_rs v0.8.31
[INFO] [stderr]    Compiling proc-macro-error-attr v1.0.4
[INFO] [stderr]    Compiling num-bigint v0.4.3
[INFO] [stderr]     Checking iana-time-zone v0.1.51
[INFO] [stderr]    Compiling mime_guess v2.0.4
[INFO] [stderr]    Compiling time-core v0.1.0
[INFO] [stderr]    Compiling crossbeam-utils v0.8.12
[INFO] [stderr]    Compiling parking_lot_core v0.8.5
[INFO] [stderr]    Compiling regex-syntax v0.6.27
[INFO] [stderr]    Compiling time-macros v0.2.5
[INFO] [stderr]     Checking getrandom v0.2.8
[INFO] [stderr]     Checking mio v0.8.5
[INFO] [stderr]     Checking signal-hook-registry v1.4.0
[INFO] [stderr]     Checking num_cpus v1.13.1
[INFO] [stderr]     Checking socket2 v0.4.7
[INFO] [stderr]     Checking num-integer v0.1.45
[INFO] [stderr]    Compiling ring v0.16.20
[INFO] [stderr]    Compiling openssl-sys v0.9.77
[INFO] [stderr]     Checking rand_core v0.6.4
[INFO] [stderr]     Checking parking_lot v0.12.1
[INFO] [stderr]     Checking http-body v0.4.5
[INFO] [stderr]     Checking generic-array v0.14.6
[INFO] [stderr]     Checking hashbrown v0.12.3
[INFO] [stderr]    Compiling aho-corasick v0.7.19
[INFO] [stderr]     Checking rand_chacha v0.3.1
[INFO] [stderr]     Checking time v0.1.44
[INFO] [stderr]     Checking num-complex v0.3.1
[INFO] [stderr]    Compiling rustc_version v0.4.0
[INFO] [stderr]     Checking rand_core v0.5.1
[INFO] [stderr]     Checking num-iter v0.1.43
[INFO] [stderr]     Checking rand v0.8.5
[INFO] [stderr]     Checking rustls-pemfile v1.0.1
[INFO] [stderr]     Checking instant v0.1.12
[INFO] [stderr]    Compiling crossbeam-epoch v0.9.11
[INFO] [stderr]     Checking safemem v0.3.3
[INFO] [stderr]     Checking ipnet v2.5.0
[INFO] [stderr]     Checking matches v0.1.9
[INFO] [stderr]     Checking remove_dir_all v0.5.3
[INFO] [stderr]     Checking utf-8 v0.7.6
[INFO] [stderr]     Checking crypto-common v0.1.6
[INFO] [stderr]     Checking block-buffer v0.10.3
[INFO] [stderr]     Checking digest v0.9.0
[INFO] [stderr]     Checking inout v0.1.3
[INFO] [stderr]     Checking digest v0.10.5
[INFO] [stderr]     Checking base64 v0.21.0
[INFO] [stderr]    Compiling if_chain v1.0.2
[INFO] [stderr]     Checking num_threads v0.1.6
[INFO] [stderr]     Checking cipher v0.4.3
[INFO] [stderr]     Checking tempfile v3.3.0
[INFO] [stderr]     Checking miniz_oxide v0.5.4
[INFO] [stderr]     Checking sha-1 v0.10.0
[INFO] [stderr]     Checking sha1 v0.10.5
[INFO] [stderr]     Checking block-buffer v0.9.0
[INFO] [stderr]     Checking buf_redux v0.8.4
[INFO] [stderr]     Checking idna v0.2.3
[INFO] [stderr]    Compiling rstest_macros v0.14.0
[INFO] [stderr]     Checking rand_chacha v0.2.2
[INFO] [stderr]     Checking headers-core v0.2.0
[INFO] [stderr]     Checking twoway v0.1.8
[INFO] [stderr]     Checking signature v1.6.4
[INFO] [stderr]     Checking quick-error v1.2.3
[INFO] [stderr]     Checking data-encoding v2.3.2
[INFO] [stderr]     Checking subtle v2.4.1
[INFO] [stderr]     Checking opaque-debug v0.3.0
[INFO] [stderr]    Compiling async-trait v0.1.58
[INFO] [stderr]     Checking multipart v0.18.0
[INFO] [stderr]     Checking sha2 v0.9.9
[INFO] [stderr]     Checking ed25519 v1.5.2
[INFO] [stderr]     Checking rand v0.7.3
[INFO] [stderr]    Compiling regex v1.6.0
[INFO] [stderr]     Checking headers v0.3.8
[INFO] [stderr]     Checking flate2 v1.0.24
[INFO] [stderr]     Checking num v0.3.1
[INFO] [stderr]     Checking parking_lot v0.11.2
[INFO] [stderr]     Checking blowfish v0.9.1
[INFO] [stderr]     Checking sha2 v0.10.6
[INFO] [stderr]     Checking fs2 v0.4.3
[INFO] [stderr]     Checking filetime v0.2.18
[INFO] [stderr]     Checking dirs-sys v0.3.7
[INFO] [stderr]     Checking xattr v0.2.3
[INFO] [stderr]     Checking fxhash v0.2.1
[INFO] [stderr]     Checking pem v1.1.0
[INFO] [stderr]     Checking rustls-pemfile v0.2.1
[INFO] [stderr]     Checking half v1.8.2
[INFO] [stderr]     Checking scoped-tls v1.0.0
[INFO] [stderr]     Checking sled v0.34.7
[INFO] [stderr]     Checking dirs v4.0.0
[INFO] [stderr]     Checking lru v0.8.1
[INFO] [stderr]     Checking either v1.8.0
[INFO] [stderr]    Compiling synstructure v0.12.6
[INFO] [stderr]    Compiling validator_types v0.15.0
[INFO] [stderr]    Compiling proc-macro-error v1.0.4
[INFO] [stderr]     Checking webpki v0.22.0
[INFO] [stderr]     Checking sct v0.7.0
[INFO] [stderr]     Checking webpki-roots v0.22.5
[INFO] [stderr]    Compiling tokio-macros v1.8.0
[INFO] [stderr]    Compiling futures-macro v0.3.25
[INFO] [stderr]    Compiling tracing-attributes v0.1.23
[INFO] [stderr]    Compiling thiserror-impl v1.0.37
[INFO] [stderr]    Compiling openssl-macros v0.1.0
[INFO] [stderr]    Compiling zeroize_derive v1.3.2
[INFO] [stderr]    Compiling pin-project-internal v1.0.12
[INFO] [stderr]    Compiling validator_derive v0.15.0
[INFO] [stderr]     Checking zeroize v1.5.7
[INFO] [stderr]     Checking curve25519-dalek v3.2.0
[INFO] [stderr]     Checking bcrypt v0.13.0
[INFO] [stderr]     Checking pin-project v1.0.12
[INFO] [stderr]     Checking thiserror v1.0.37
[INFO] [stderr]     Checking tracing v0.1.37
[INFO] [stderr]     Checking tracing-futures v0.2.5
[INFO] [stderr]     Checking futures-executor v0.3.25
[INFO] [stderr]     Checking futures v0.3.25
[INFO] [stderr]     Checking rstest v0.15.0
[INFO] [stderr]     Checking tokio-util v0.7.4
[INFO] [stderr]     Checking tokio-rustls v0.23.4
[INFO] [stderr]     Checking tokio-native-tls v0.3.0
[INFO] [stderr]     Checking tokio-stream v0.1.11
[INFO] [stderr]     Checking async-compression v0.3.15
[INFO] [stderr]     Checking tokio-tar v0.3.0
[INFO] [stderr]     Checking h2 v0.3.15
[INFO] [stderr]     Checking url v2.3.1
[INFO] [stderr]     Checking serde_urlencoded v0.7.1
[INFO] [stderr]     Checking chrono v0.4.22
[INFO] [stderr]     Checking time v0.3.16
[INFO] [stderr]     Checking serde_path_to_error v0.1.8
[INFO] [stderr]     Checking ed25519-dalek v1.0.1
[INFO] [stderr]     Checking serde_cbor v0.11.2
[INFO] [stderr]     Checking toml v0.5.9
[INFO] [stderr]     Checking tungstenite v0.17.3
[INFO] [stderr]     Checking validator v0.15.0
[INFO] [stderr]     Checking tokio-tungstenite v0.17.2
[INFO] [stderr]     Checking biscuit v0.5.0
[INFO] [stderr]     Checking simple_asn1 v0.6.2
[INFO] [stderr]     Checking jsonwebtoken v8.1.1
[INFO] [stderr]     Checking hyper v0.14.20
[INFO] [stderr]     Checking hyper-tls v0.5.0
[INFO] [stderr]     Checking hyper-rustls v0.23.0
[INFO] [stderr]     Checking warp v0.3.3
[INFO] [stderr]     Checking reqwest v0.11.14
[INFO] [stderr]     Checking openid v0.10.1
[INFO] [stderr]     Checking oauth2 v4.3.0
[INFO] [stderr]     Checking bindle v0.9.1 (/opt/rustwide/workdir)
[INFO] [stdout] error[E0432]: unresolved import `clap`
[INFO] [stdout]  --> examples/as2bindle.rs:1:5
[INFO] [stdout]   |
[INFO] [stdout] 1 | use clap::{App, Arg};
[INFO] [stdout]   |     ^^^^ use of undeclared crate or module `clap`
[INFO] [stdout] 
[INFO] [stdout] 
[INFO] [stdout] error[E0433]: failed to resolve: use of undeclared crate or module `clap`
[INFO] [stdout]   --> examples/as2bindle.rs:24:18
[INFO] [stdout]    |
[INFO] [stdout] 24 |         .version(clap::crate_version!())
[INFO] [stdout]    |                  ^^^^ use of undeclared crate or module `clap`
[INFO] [stdout] 
[INFO] [stdout] 
[INFO] [stdout] error[E0432]: unresolved import `clap`
[INFO] [stdout]  --> examples/cargo2bindle.rs:1:5
[INFO] [stdout]   |
[INFO] [stdout] 1 | use clap::{App, Arg};
[INFO] [stdout]   |     ^^^^ use of undeclared crate or module `clap`
[INFO] [stdout] 
[INFO] [stdout] 
[INFO] [stdout] error[E0433]: failed to resolve: use of undeclared crate or module `clap`
[INFO] [stdout]   --> examples/cargo2bindle.rs:27:18
[INFO] [stdout]    |
[INFO] [stdout] 27 |         .version(clap::crate_version!())
[INFO] [stdout]    |                  ^^^^ use of undeclared crate or module `clap`
[INFO] [stdout] 
[INFO] [stdout] 
[INFO] [stdout] error: aborting due to 2 previous errors
[INFO] [stdout] 
[INFO] [stdout] 
[INFO] [stdout] Some errors have detailed explanations: E0432, E0433.
[INFO] [stdout] 
[INFO] [stdout] For more information about an error, try `rustc --explain E0432`.
[INFO] [stdout] 
[INFO] [stderr] error: could not compile `bindle` (example "as2bindle") due to 3 previous errors
[INFO] [stderr] warning: build failed, waiting for other jobs to finish...
[INFO] [stdout] error: aborting due to 2 previous errors
[INFO] [stdout] 
[INFO] [stdout] 
[INFO] [stdout] Some errors have detailed explanations: E0432, E0433.
[INFO] [stdout] 
[INFO] [stdout] For more information about an error, try `rustc --explain E0432`.
[INFO] [stdout] 
[INFO] [stderr] error: could not compile `bindle` (example "cargo2bindle") due to 3 previous errors
[INFO] running `Command { std: "docker" "inspect" "04a3ca4a13acdba4c1fbb14413707f96676fccaa379e581dbe3bece117f57ff1", kill_on_drop: false }`
[INFO] running `Command { std: "docker" "rm" "-f" "04a3ca4a13acdba4c1fbb14413707f96676fccaa379e581dbe3bece117f57ff1", kill_on_drop: false }`
[INFO] [stdout] 04a3ca4a13acdba4c1fbb14413707f96676fccaa379e581dbe3bece117f57ff1
